{"id":5228,"date":"2025-05-21T23:45:07","date_gmt":"2025-05-21T23:45:07","guid":{"rendered":"https:\/\/valueconsultoria.com.br\/?page_id=5228"},"modified":"2025-05-22T18:50:20","modified_gmt":"2025-05-22T18:50:20","slug":"treinamento","status":"publish","type":"page","link":"https:\/\/valueconsultoria.com.br\/site\/treinamento\/","title":{"rendered":"Treinamento &#038; Desenvolvimento"},"content":{"rendered":"\t\t<div data-elementor-type=\"wp-page\" data-elementor-id=\"5228\" class=\"elementor elementor-5228\" data-elementor-post-type=\"page\">\n\t\t\t\t\t\t<div class=\"elementor-section elementor-top-section elementor-element elementor-element-277ab11 elementor-section-boxed elementor-section-height-default elementor-section-height-default\" data-id=\"277ab11\" data-element_type=\"section\" data-e-type=\"section\">\r\n\t\t\r\n\t\t\t\t\t\t\t<div class=\"elementor-container elementor-column-gap-custom\">\r\n\t\t\t\t\t\t\t\t\t\t\t<div class=\"elementor-column elementor-col-50 elementor-top-column elementor-element elementor-element-3612e7e custom-height-1 custom-width-1\" data-id=\"3612e7e\" data-element_type=\"column\" data-e-type=\"column\">\r\n\t\t\t\t\t<div class=\"elementor-widget-wrap elementor-element-populated\">\r\n\t\t\t\t\t\t\t\t<div class=\"elementor-element elementor-element-0fdda63 custom-box-shadow-1 mb-0 e-transform elementor-widget elementor-widget-image\" data-id=\"0fdda63\" data-element_type=\"widget\" data-e-type=\"widget\" data-settings=\"{&quot;_transform_skewX_effect&quot;:{&quot;unit&quot;:&quot;px&quot;,&quot;size&quot;:&quot;&quot;,&quot;sizes&quot;:[]},&quot;_transform_skewX_effect_tablet&quot;:{&quot;unit&quot;:&quot;deg&quot;,&quot;size&quot;:&quot;&quot;,&quot;sizes&quot;:[]},&quot;_transform_skewX_effect_mobile&quot;:{&quot;unit&quot;:&quot;deg&quot;,&quot;size&quot;:&quot;&quot;,&quot;sizes&quot;:[]},&quot;_transform_skewY_effect&quot;:{&quot;unit&quot;:&quot;px&quot;,&quot;size&quot;:&quot;&quot;,&quot;sizes&quot;:[]},&quot;_transform_skewY_effect_tablet&quot;:{&quot;unit&quot;:&quot;deg&quot;,&quot;size&quot;:&quot;&quot;,&quot;sizes&quot;:[]},&quot;_transform_skewY_effect_mobile&quot;:{&quot;unit&quot;:&quot;deg&quot;,&quot;size&quot;:&quot;&quot;,&quot;sizes&quot;:[]}}\" data-widget_type=\"image.default\">\n\t\t\t\t\t\t\t\t\t\t\t\t\t\t\t<img fetchpriority=\"high\" decoding=\"async\" width=\"1080\" height=\"1350\" src=\"https:\/\/valueconsultoria.com.br\/site\/wp-content\/uploads\/2025\/05\/2.png\" class=\"attachment-full size-full wp-image-5166\" alt=\"\" srcset=\"https:\/\/valueconsultoria.com.br\/site\/wp-content\/uploads\/2025\/05\/2.png 1080w, https:\/\/valueconsultoria.com.br\/site\/wp-content\/uploads\/2025\/05\/2-819x1024.png 819w, https:\/\/valueconsultoria.com.br\/site\/wp-content\/uploads\/2025\/05\/2-768x960.png 768w, https:\/\/valueconsultoria.com.br\/site\/wp-content\/uploads\/2025\/05\/2-640x800.png 640w, https:\/\/valueconsultoria.com.br\/site\/wp-content\/uploads\/2025\/05\/2-400x500.png 400w, https:\/\/valueconsultoria.com.br\/site\/wp-content\/uploads\/2025\/05\/2-367x459.png 367w\" sizes=\"(max-width: 1080px) 100vw, 1080px\" \/>\t\t\t\t\t\t\t\t\t\t\t\t\t\t\t<\/div>\n\t\t\t\t\t<\/div>\r\n\t\t\t\t<\/div>\r\n\t\t\t\t<div class=\"elementor-column elementor-col-50 elementor-top-column elementor-element elementor-element-9361a75 custom-height-1 custom-width-1\" data-id=\"9361a75\" data-element_type=\"column\" data-e-type=\"column\">\r\n\t\t\t\t\t<div class=\"elementor-widget-wrap elementor-element-populated\">\r\n\t\t\t\t\t\t\t\t<div class=\"elementor-element elementor-element-9c830c7 elementor-invisible elementor-widget elementor-widget-heading\" data-id=\"9c830c7\" data-element_type=\"widget\" data-e-type=\"widget\" data-settings=\"{&quot;_animation&quot;:&quot;fadeInUp&quot;,&quot;_animation_delay&quot;:250}\" data-widget_type=\"heading.default\">\n\t\t\t\t\t<h2 class=\"elementor-heading-title elementor-size-default\">GRUPO VALUE CONSULTORIA EM RH<\/h2>\t\t\t\t<\/div>\n\t\t\t\t<div class=\"elementor-element elementor-element-97516d6 elementor-invisible elementor-widget elementor-widget-heading\" data-id=\"97516d6\" data-element_type=\"widget\" data-e-type=\"widget\" data-settings=\"{&quot;_animation&quot;:&quot;fadeInUp&quot;,&quot;_animation_delay&quot;:250}\" data-widget_type=\"heading.default\">\n\t\t\t\t\t<h2 class=\"elementor-heading-title elementor-size-default\">Equipes treinadas, empresas que crescem.\n<\/h2>\t\t\t\t<\/div>\n\t\t\t\t<div class=\"elementor-element elementor-element-38a12b4 elementor-widget elementor-widget-text-editor\" data-id=\"38a12b4\" data-element_type=\"widget\" data-e-type=\"widget\" data-widget_type=\"text-editor.default\">\n\t\t\t\t\t\t\t\t\t<p data-start=\"239\" data-end=\"447\">Se voc\u00ea quer ver sua empresa crescendo de verdade, comece pelas pessoas. Aqui na <strong data-start=\"320\" data-end=\"347\">Value Consultoria em RH<\/strong>, sabemos que <strong data-start=\"361\" data-end=\"445\">gente capacitada entrega mais, erra menos e faz sua empresa ir muito mais longe.<\/strong><\/p><p data-start=\"449\" data-end=\"777\">Nossos programas de <strong data-start=\"469\" data-end=\"502\">Treinamento &amp; Desenvolvimento<\/strong> s\u00e3o totalmente personalizados, constru\u00eddos sob medida para a realidade da sua empresa e dos seus desafios. Ajudamos seu time a desenvolver compet\u00eancias t\u00e9cnicas, comportamentais e de lideran\u00e7a \u2014 sempre com foco em resultado, produtividade, performance e evolu\u00e7\u00e3o cont\u00ednua.<\/p><p data-start=\"779\" data-end=\"1001\">Oferecemos desde treinamentos operacionais, at\u00e9 desenvolvimento de l\u00edderes, gest\u00e3o de equipes, melhoria de processos, cultura organizacional e muito mais. N\u00e3o \u00e9 conte\u00fado gen\u00e9rico \u2014 \u00e9 m\u00e9todo, pr\u00e1tica e transforma\u00e7\u00e3o real.<\/p><p data-start=\"1003\" data-end=\"1213\"><strong data-start=\"1006\" data-end=\"1124\">Seja para melhorar o desempenho, aumentar a produtividade ou preparar l\u00edderes, n\u00f3s temos a solu\u00e7\u00e3o certa pra voc\u00ea.<\/strong> Invista em quem move sua empresa.<\/p><p data-start=\"1003\" data-end=\"1213\"><em><strong data-start=\"1159\" data-end=\"1211\">Invista em desenvolvimento. Invista com a Value.<\/strong><\/em><\/p>\t\t\t\t\t\t\t\t<\/div>\n\t\t\t\t\t<\/div>\r\n\t\t\t\t<\/div>\r\n\t\t\t\t\t<\/div>\r\n\t\t\t\t<\/div>\r\n\t\t\t\t<\/div>\n\t\t","protected":false},"excerpt":{"rendered":"<p>GRUPO VALUE CONSULTORIA EM RH Equipes treinadas, empresas que crescem. Se voc\u00ea quer ver sua empresa crescendo de verdade, comece pelas pessoas. Aqui na Value Consultoria em RH, sabemos que gente capacitada entrega mais, erra menos e faz sua empresa ir muito mais longe. Nossos programas de Treinamento &amp; Desenvolvimento s\u00e3o totalmente personalizados, constru\u00eddos sob [&hellip;]<\/p>\n","protected":false},"author":1,"featured_media":0,"parent":0,"menu_order":0,"comment_status":"closed","ping_status":"closed","template":"","meta":{"_acf_changed":false,"footnotes":""},"class_list":["post-5228","page","type-page","status-publish","hentry"],"acf":[],"_links":{"self":[{"href":"https:\/\/valueconsultoria.com.br\/site\/wp-json\/wp\/v2\/pages\/5228","targetHints":{"allow":["GET"]}}],"collection":[{"href":"https:\/\/valueconsultoria.com.br\/site\/wp-json\/wp\/v2\/pages"}],"about":[{"href":"https:\/\/valueconsultoria.com.br\/site\/wp-json\/wp\/v2\/types\/page"}],"author":[{"embeddable":true,"href":"https:\/\/valueconsultoria.com.br\/site\/wp-json\/wp\/v2\/users\/1"}],"replies":[{"embeddable":true,"href":"https:\/\/valueconsultoria.com.br\/site\/wp-json\/wp\/v2\/comments?post=5228"}],"version-history":[{"count":13,"href":"https:\/\/valueconsultoria.com.br\/site\/wp-json\/wp\/v2\/pages\/5228\/revisions"}],"predecessor-version":[{"id":5473,"href":"https:\/\/valueconsultoria.com.br\/site\/wp-json\/wp\/v2\/pages\/5228\/revisions\/5473"}],"wp:attachment":[{"href":"https:\/\/valueconsultoria.com.br\/site\/wp-json\/wp\/v2\/media?parent=5228"}],"curies":[{"name":"wp","href":"https:\/\/api.w.org\/{rel}","templated":true}]}}