{"id":5256,"date":"2025-05-21T23:58:28","date_gmt":"2025-05-21T23:58:28","guid":{"rendered":"https:\/\/valueconsultoria.com.br\/?page_id=5256"},"modified":"2025-06-30T16:52:16","modified_gmt":"2025-06-30T16:52:16","slug":"maodeobratemporaria","status":"publish","type":"page","link":"https:\/\/valueconsultoria.com.br\/site\/maodeobratemporaria\/","title":{"rendered":"M\u00e3o de Obra Tempor\u00e1ria"},"content":{"rendered":"\t\t<div data-elementor-type=\"wp-page\" data-elementor-id=\"5256\" class=\"elementor elementor-5256\" data-elementor-post-type=\"page\">\n\t\t\t\t\t\t<div class=\"elementor-section elementor-top-section elementor-element elementor-element-277ab11 elementor-section-boxed elementor-section-height-default elementor-section-height-default\" data-id=\"277ab11\" data-element_type=\"section\" data-e-type=\"section\">\r\n\t\t\r\n\t\t\t\t\t\t\t<div class=\"elementor-container elementor-column-gap-custom\">\r\n\t\t\t\t\t\t\t\t\t\t\t<div class=\"elementor-column elementor-col-50 elementor-top-column elementor-element elementor-element-3612e7e custom-height-1 custom-width-1\" data-id=\"3612e7e\" data-element_type=\"column\" data-e-type=\"column\">\r\n\t\t\t\t\t<div class=\"elementor-widget-wrap elementor-element-populated\">\r\n\t\t\t\t\t\t\t\t<div class=\"elementor-element elementor-element-0fdda63 custom-box-shadow-1 mb-0 e-transform elementor-widget elementor-widget-image\" data-id=\"0fdda63\" data-element_type=\"widget\" data-e-type=\"widget\" data-settings=\"{&quot;_transform_skewX_effect&quot;:{&quot;unit&quot;:&quot;px&quot;,&quot;size&quot;:&quot;&quot;,&quot;sizes&quot;:[]},&quot;_transform_skewX_effect_tablet&quot;:{&quot;unit&quot;:&quot;deg&quot;,&quot;size&quot;:&quot;&quot;,&quot;sizes&quot;:[]},&quot;_transform_skewX_effect_mobile&quot;:{&quot;unit&quot;:&quot;deg&quot;,&quot;size&quot;:&quot;&quot;,&quot;sizes&quot;:[]},&quot;_transform_skewY_effect&quot;:{&quot;unit&quot;:&quot;px&quot;,&quot;size&quot;:&quot;&quot;,&quot;sizes&quot;:[]},&quot;_transform_skewY_effect_tablet&quot;:{&quot;unit&quot;:&quot;deg&quot;,&quot;size&quot;:&quot;&quot;,&quot;sizes&quot;:[]},&quot;_transform_skewY_effect_mobile&quot;:{&quot;unit&quot;:&quot;deg&quot;,&quot;size&quot;:&quot;&quot;,&quot;sizes&quot;:[]}}\" data-widget_type=\"image.default\">\n\t\t\t\t\t\t\t\t\t\t\t\t\t\t\t<img fetchpriority=\"high\" decoding=\"async\" width=\"1080\" height=\"1350\" src=\"https:\/\/valueconsultoria.com.br\/site\/wp-content\/uploads\/2025\/05\/4.png\" class=\"attachment-full size-full wp-image-5168\" alt=\"\" srcset=\"https:\/\/valueconsultoria.com.br\/site\/wp-content\/uploads\/2025\/05\/4.png 1080w, https:\/\/valueconsultoria.com.br\/site\/wp-content\/uploads\/2025\/05\/4-819x1024.png 819w, https:\/\/valueconsultoria.com.br\/site\/wp-content\/uploads\/2025\/05\/4-768x960.png 768w, https:\/\/valueconsultoria.com.br\/site\/wp-content\/uploads\/2025\/05\/4-640x800.png 640w, https:\/\/valueconsultoria.com.br\/site\/wp-content\/uploads\/2025\/05\/4-400x500.png 400w, https:\/\/valueconsultoria.com.br\/site\/wp-content\/uploads\/2025\/05\/4-367x459.png 367w\" sizes=\"(max-width: 1080px) 100vw, 1080px\" \/>\t\t\t\t\t\t\t\t\t\t\t\t\t\t\t<\/div>\n\t\t\t\t\t<\/div>\r\n\t\t\t\t<\/div>\r\n\t\t\t\t<div class=\"elementor-column elementor-col-50 elementor-top-column elementor-element elementor-element-9361a75 custom-height-1 custom-width-1\" data-id=\"9361a75\" data-element_type=\"column\" data-e-type=\"column\">\r\n\t\t\t\t\t<div class=\"elementor-widget-wrap elementor-element-populated\">\r\n\t\t\t\t\t\t\t\t<div class=\"elementor-element elementor-element-9c830c7 elementor-invisible elementor-widget elementor-widget-heading\" data-id=\"9c830c7\" data-element_type=\"widget\" data-e-type=\"widget\" data-settings=\"{&quot;_animation&quot;:&quot;fadeInUp&quot;,&quot;_animation_delay&quot;:250}\" data-widget_type=\"heading.default\">\n\t\t\t\t\t<h2 class=\"elementor-heading-title elementor-size-default\">GRUPO VALUE CONSULTORIA EM RH<\/h2>\t\t\t\t<\/div>\n\t\t\t\t<div class=\"elementor-element elementor-element-97516d6 elementor-invisible elementor-widget elementor-widget-heading\" data-id=\"97516d6\" data-element_type=\"widget\" data-e-type=\"widget\" data-settings=\"{&quot;_animation&quot;:&quot;fadeInUp&quot;,&quot;_animation_delay&quot;:250}\" data-widget_type=\"heading.default\">\n\t\t\t\t\t<h2 class=\"elementor-heading-title elementor-size-default\">Flexibilidade que gera resultado.<\/h2>\t\t\t\t<\/div>\n\t\t\t\t<div class=\"elementor-element elementor-element-38a12b4 elementor-widget elementor-widget-text-editor\" data-id=\"38a12b4\" data-element_type=\"widget\" data-e-type=\"widget\" data-widget_type=\"text-editor.default\">\n\t\t\t\t\t\t\t\t\t<p data-start=\"213\" data-end=\"578\">Seu neg\u00f3cio n\u00e3o pode parar \u2014 e com a <strong data-start=\"250\" data-end=\"277\">Value Consultoria em RH<\/strong>, ele n\u00e3o para! Nossa solu\u00e7\u00e3o de <strong data-start=\"310\" data-end=\"336\">M\u00e3o de Obra Tempor\u00e1ria<\/strong> \u00e9 feita pra empresas que precisam de agilidade, seguran\u00e7a e praticidade na hora de contratar. Seja para cobrir f\u00e9rias, afastamentos, demandas sazonais ou picos de produ\u00e7\u00e3o, entregamos profissionais qualificados, prontos pra entrar em a\u00e7\u00e3o.<\/p><p data-start=\"580\" data-end=\"876\">Cuidamos de tudo: recrutamento, sele\u00e7\u00e3o, contratos, encargos, folha e benef\u00edcios \u2014 100% dentro da lei e sem dor de cabe\u00e7a pra voc\u00ea. Enquanto voc\u00ea foca no que realmente importa, n\u00f3s garantimos a continuidade do seu time, evitando gargalos e mantendo sua opera\u00e7\u00e3o rodando com produtividade total.<\/p><p>Todos os nossos profissionais iniciam suas atividades nos clientes j\u00e1 capacitados pelo nosso corpo docente, por meio de treinamentos fundamentais que refor\u00e7am a excel\u00eancia no desempenho e na conduta profissional.<\/p><p><span style=\"font-size: 18px;\"><strong>Eles passam previamente pelos seguintes m\u00f3dulos:<\/strong><\/span><\/p><p><strong>\u2714\ufe0f Lean Manufacturing<\/strong><br \/><strong>\u2714\ufe0f TBO \u2013 Treinamento B\u00e1sico Operacional<\/strong><br \/><strong>\u2714\ufe0f Ass\u00e9dio Moral e Sexual no Ambiente de Trabalho<\/strong><br \/><strong>\u2714\ufe0f Postura Pessoal e Profissional<\/strong><\/p><p>Esse cuidado garante uma atua\u00e7\u00e3o alinhada com os valores da sua empresa, promovendo produtividade, respeito e profissionalismo desde o primeiro dia.<\/p><p data-start=\"878\" data-end=\"996\"><strong data-start=\"881\" data-end=\"994\">Reduza custos, ganhe agilidade e mantenha sua empresa funcionando com efici\u00eancia. Deixa a gest\u00e3o com a gente!<\/strong><\/p>\t\t\t\t\t\t\t\t<\/div>\n\t\t\t\t\t<\/div>\r\n\t\t\t\t<\/div>\r\n\t\t\t\t\t<\/div>\r\n\t\t\t\t<\/div>\r\n\t\t\t\t<\/div>\n\t\t","protected":false},"excerpt":{"rendered":"<p>GRUPO VALUE CONSULTORIA EM RH Flexibilidade que gera resultado. Seu neg\u00f3cio n\u00e3o pode parar \u2014 e com a Value Consultoria em RH, ele n\u00e3o para! Nossa solu\u00e7\u00e3o de M\u00e3o de Obra Tempor\u00e1ria \u00e9 feita pra empresas que precisam de agilidade, seguran\u00e7a e praticidade na hora de contratar. Seja para cobrir f\u00e9rias, afastamentos, demandas sazonais ou [&hellip;]<\/p>\n","protected":false},"author":1,"featured_media":5168,"parent":0,"menu_order":0,"comment_status":"closed","ping_status":"closed","template":"","meta":{"_acf_changed":false,"footnotes":""},"class_list":["post-5256","page","type-page","status-publish","has-post-thumbnail","hentry"],"acf":[],"_links":{"self":[{"href":"https:\/\/valueconsultoria.com.br\/site\/wp-json\/wp\/v2\/pages\/5256","targetHints":{"allow":["GET"]}}],"collection":[{"href":"https:\/\/valueconsultoria.com.br\/site\/wp-json\/wp\/v2\/pages"}],"about":[{"href":"https:\/\/valueconsultoria.com.br\/site\/wp-json\/wp\/v2\/types\/page"}],"author":[{"embeddable":true,"href":"https:\/\/valueconsultoria.com.br\/site\/wp-json\/wp\/v2\/users\/1"}],"replies":[{"embeddable":true,"href":"https:\/\/valueconsultoria.com.br\/site\/wp-json\/wp\/v2\/comments?post=5256"}],"version-history":[{"count":15,"href":"https:\/\/valueconsultoria.com.br\/site\/wp-json\/wp\/v2\/pages\/5256\/revisions"}],"predecessor-version":[{"id":5588,"href":"https:\/\/valueconsultoria.com.br\/site\/wp-json\/wp\/v2\/pages\/5256\/revisions\/5588"}],"wp:featuredmedia":[{"embeddable":true,"href":"https:\/\/valueconsultoria.com.br\/site\/wp-json\/wp\/v2\/media\/5168"}],"wp:attachment":[{"href":"https:\/\/valueconsultoria.com.br\/site\/wp-json\/wp\/v2\/media?parent=5256"}],"curies":[{"name":"wp","href":"https:\/\/api.w.org\/{rel}","templated":true}]}}