{"id":5266,"date":"2025-05-22T00:03:43","date_gmt":"2025-05-22T00:03:43","guid":{"rendered":"https:\/\/valueconsultoria.com.br\/?page_id=5266"},"modified":"2025-06-30T16:56:05","modified_gmt":"2025-06-30T16:56:05","slug":"mentoria","status":"publish","type":"page","link":"https:\/\/valueconsultoria.com.br\/site\/mentoria\/","title":{"rendered":"Mentoria de Carreira"},"content":{"rendered":"\t\t<div data-elementor-type=\"wp-page\" data-elementor-id=\"5266\" class=\"elementor elementor-5266\" data-elementor-post-type=\"page\">\n\t\t\t\t\t\t<div class=\"elementor-section elementor-top-section elementor-element elementor-element-277ab11 elementor-section-boxed elementor-section-height-default elementor-section-height-default\" data-id=\"277ab11\" data-element_type=\"section\" data-e-type=\"section\">\r\n\t\t\r\n\t\t\t\t\t\t\t<div class=\"elementor-container elementor-column-gap-custom\">\r\n\t\t\t\t\t\t\t\t\t\t\t<div class=\"elementor-column elementor-col-50 elementor-top-column elementor-element elementor-element-3612e7e custom-height-1 custom-width-1\" data-id=\"3612e7e\" data-element_type=\"column\" data-e-type=\"column\">\r\n\t\t\t\t\t<div class=\"elementor-widget-wrap elementor-element-populated\">\r\n\t\t\t\t\t\t\t\t<div class=\"elementor-element elementor-element-0fdda63 custom-box-shadow-1 mb-0 e-transform elementor-widget elementor-widget-image\" data-id=\"0fdda63\" data-element_type=\"widget\" data-e-type=\"widget\" data-settings=\"{&quot;_transform_skewX_effect&quot;:{&quot;unit&quot;:&quot;px&quot;,&quot;size&quot;:&quot;&quot;,&quot;sizes&quot;:[]},&quot;_transform_skewX_effect_tablet&quot;:{&quot;unit&quot;:&quot;deg&quot;,&quot;size&quot;:&quot;&quot;,&quot;sizes&quot;:[]},&quot;_transform_skewX_effect_mobile&quot;:{&quot;unit&quot;:&quot;deg&quot;,&quot;size&quot;:&quot;&quot;,&quot;sizes&quot;:[]},&quot;_transform_skewY_effect&quot;:{&quot;unit&quot;:&quot;px&quot;,&quot;size&quot;:&quot;&quot;,&quot;sizes&quot;:[]},&quot;_transform_skewY_effect_tablet&quot;:{&quot;unit&quot;:&quot;deg&quot;,&quot;size&quot;:&quot;&quot;,&quot;sizes&quot;:[]},&quot;_transform_skewY_effect_mobile&quot;:{&quot;unit&quot;:&quot;deg&quot;,&quot;size&quot;:&quot;&quot;,&quot;sizes&quot;:[]}}\" data-widget_type=\"image.default\">\n\t\t\t\t\t\t\t\t\t\t\t\t\t\t\t<img fetchpriority=\"high\" decoding=\"async\" width=\"1080\" height=\"1350\" src=\"https:\/\/valueconsultoria.com.br\/site\/wp-content\/uploads\/2025\/05\/6-1.png\" class=\"attachment-full size-full wp-image-5409\" alt=\"\" srcset=\"https:\/\/valueconsultoria.com.br\/site\/wp-content\/uploads\/2025\/05\/6-1.png 1080w, https:\/\/valueconsultoria.com.br\/site\/wp-content\/uploads\/2025\/05\/6-1-819x1024.png 819w, https:\/\/valueconsultoria.com.br\/site\/wp-content\/uploads\/2025\/05\/6-1-768x960.png 768w, https:\/\/valueconsultoria.com.br\/site\/wp-content\/uploads\/2025\/05\/6-1-640x800.png 640w, https:\/\/valueconsultoria.com.br\/site\/wp-content\/uploads\/2025\/05\/6-1-400x500.png 400w, https:\/\/valueconsultoria.com.br\/site\/wp-content\/uploads\/2025\/05\/6-1-367x459.png 367w\" sizes=\"(max-width: 1080px) 100vw, 1080px\" \/>\t\t\t\t\t\t\t\t\t\t\t\t\t\t\t<\/div>\n\t\t\t\t\t<\/div>\r\n\t\t\t\t<\/div>\r\n\t\t\t\t<div class=\"elementor-column elementor-col-50 elementor-top-column elementor-element elementor-element-9361a75 custom-height-1 custom-width-1\" data-id=\"9361a75\" data-element_type=\"column\" data-e-type=\"column\">\r\n\t\t\t\t\t<div class=\"elementor-widget-wrap elementor-element-populated\">\r\n\t\t\t\t\t\t\t\t<div class=\"elementor-element elementor-element-9c830c7 elementor-invisible elementor-widget elementor-widget-heading\" data-id=\"9c830c7\" data-element_type=\"widget\" data-e-type=\"widget\" data-settings=\"{&quot;_animation&quot;:&quot;fadeInUp&quot;,&quot;_animation_delay&quot;:250}\" data-widget_type=\"heading.default\">\n\t\t\t\t\t<h2 class=\"elementor-heading-title elementor-size-default\">GRUPO VALUE CONSULTORIA EM RH<\/h2>\t\t\t\t<\/div>\n\t\t\t\t<div class=\"elementor-element elementor-element-97516d6 elementor-invisible elementor-widget elementor-widget-heading\" data-id=\"97516d6\" data-element_type=\"widget\" data-e-type=\"widget\" data-settings=\"{&quot;_animation&quot;:&quot;fadeInUp&quot;,&quot;_animation_delay&quot;:250}\" data-widget_type=\"heading.default\">\n\t\t\t\t\t<h2 class=\"elementor-heading-title elementor-size-default\">Direcione seu caminho, potencialize seus resultados.<\/h2>\t\t\t\t<\/div>\n\t\t\t\t<div class=\"elementor-element elementor-element-38a12b4 elementor-widget elementor-widget-text-editor\" data-id=\"38a12b4\" data-element_type=\"widget\" data-e-type=\"widget\" data-widget_type=\"text-editor.default\">\n\t\t\t\t\t\t\t\t\t<p data-start=\"284\" data-end=\"598\">Se voc\u00ea sente que est\u00e1 na hora de crescer, se reposicionar, acelerar sua carreira ou at\u00e9 mesmo mudar de rumo, a <strong data-start=\"396\" data-end=\"429\">Mentoria de Carreira da Value<\/strong> \u00e9 pra voc\u00ea. Aqui, trabalhamos de forma personalizada, lado a lado, para te ajudar a conquistar seus objetivos profissionais de forma clara, estruturada e estrat\u00e9gica.<\/p><p data-start=\"600\" data-end=\"812\">Nosso programa de mentoria \u00e9 voltado para quem busca <strong data-start=\"653\" data-end=\"810\">clareza profissional, desenvolvimento de habilidades, fortalecimento de compet\u00eancias, aumento de empregabilidade e alinhamento de prop\u00f3sito com carreira.<\/strong><\/p><p data-start=\"814\" data-end=\"1318\">Ao longo da mentoria, voc\u00ea contar\u00e1 com um acompanhamento direcionado para:<br data-start=\"888\" data-end=\"891\" \/>\u2714\ufe0f Definir seus objetivos de carreira com clareza;<br data-start=\"941\" data-end=\"944\" \/>\u2714\ufe0f Potencializar suas compet\u00eancias e identificar pontos de desenvolvimento;<br data-start=\"1019\" data-end=\"1022\" \/>\u2714\ufe0f Construir ou aprimorar seu marketing pessoal (LinkedIn, curr\u00edculo, entrevistas);<br data-start=\"1105\" data-end=\"1108\" \/>\u2714\ufe0f Planejar sua trajet\u00f3ria profissional, seja na recoloca\u00e7\u00e3o, crescimento na empresa atual ou transi\u00e7\u00e3o de carreira;<br data-start=\"1224\" data-end=\"1227\" \/>\u2714\ufe0f Aumentar sua autoconfian\u00e7a e capacidade de tomar decis\u00f5es assertivas sobre seu futuro.<\/p><p data-start=\"1320\" data-end=\"1462\"><strong data-start=\"1323\" data-end=\"1460\">Aqui n\u00e3o existe f\u00f3rmula m\u00e1gica. Existe m\u00e9todo, estrat\u00e9gia e um olhar personalizado para o que realmente importa: VOC\u00ca e sua evolu\u00e7\u00e3o.<\/strong><\/p><p data-start=\"1464\" data-end=\"1668\">Seja voc\u00ea rec\u00e9m-formado, profissional em desenvolvimento, l\u00edder ou algu\u00e9m buscando novos desafios, <strong data-start=\"1563\" data-end=\"1666\">a Mentoria de Carreira da Value te ajuda a destravar seu potencial e alcan\u00e7ar seus pr\u00f3ximos passos.<\/strong><\/p><p>Participe da nossa Mentoria de Carreira e seja orientado por quem viveu na pr\u00e1tica cada etapa do crescimento profissional.<\/p><p>Voc\u00ea ser\u00e1 mentorado por um profissional que iniciou sua trajet\u00f3ria como Operador de Produ\u00e7\u00e3o e, com foco, disciplina e estrat\u00e9gia, hoje atua como Diretor Executivo de uma empresa reconhecida no mercado.<\/p><p>\ud83d\udcc8 Inspira\u00e7\u00e3o real. Orienta\u00e7\u00e3o pr\u00e1tica. Resultados concretos.<br \/>N\u00e3o caminhe sozinho \u2014 invista no seu futuro com quem j\u00e1 trilhou esse caminho.<\/p><p data-start=\"1670\" data-end=\"1783\"><strong data-start=\"1673\" data-end=\"1781\">Invista em voc\u00ea. Sua carreira \u00e9 o seu maior patrim\u00f4nio. Vamos juntos construir o caminho do seu sucesso.<\/strong><\/p>\t\t\t\t\t\t\t\t<\/div>\n\t\t\t\t\t<\/div>\r\n\t\t\t\t<\/div>\r\n\t\t\t\t\t<\/div>\r\n\t\t\t\t<\/div>\r\n\t\t\t\t<\/div>\n\t\t","protected":false},"excerpt":{"rendered":"<p>GRUPO VALUE CONSULTORIA EM RH Direcione seu caminho, potencialize seus resultados. Se voc\u00ea sente que est\u00e1 na hora de crescer, se reposicionar, acelerar sua carreira ou at\u00e9 mesmo mudar de rumo, a Mentoria de Carreira da Value \u00e9 pra voc\u00ea. Aqui, trabalhamos de forma personalizada, lado a lado, para te ajudar a conquistar seus objetivos [&hellip;]<\/p>\n","protected":false},"author":1,"featured_media":5409,"parent":0,"menu_order":0,"comment_status":"closed","ping_status":"closed","template":"","meta":{"_acf_changed":false,"footnotes":""},"class_list":["post-5266","page","type-page","status-publish","has-post-thumbnail","hentry"],"acf":[],"_links":{"self":[{"href":"https:\/\/valueconsultoria.com.br\/site\/wp-json\/wp\/v2\/pages\/5266","targetHints":{"allow":["GET"]}}],"collection":[{"href":"https:\/\/valueconsultoria.com.br\/site\/wp-json\/wp\/v2\/pages"}],"about":[{"href":"https:\/\/valueconsultoria.com.br\/site\/wp-json\/wp\/v2\/types\/page"}],"author":[{"embeddable":true,"href":"https:\/\/valueconsultoria.com.br\/site\/wp-json\/wp\/v2\/users\/1"}],"replies":[{"embeddable":true,"href":"https:\/\/valueconsultoria.com.br\/site\/wp-json\/wp\/v2\/comments?post=5266"}],"version-history":[{"count":11,"href":"https:\/\/valueconsultoria.com.br\/site\/wp-json\/wp\/v2\/pages\/5266\/revisions"}],"predecessor-version":[{"id":5591,"href":"https:\/\/valueconsultoria.com.br\/site\/wp-json\/wp\/v2\/pages\/5266\/revisions\/5591"}],"wp:featuredmedia":[{"embeddable":true,"href":"https:\/\/valueconsultoria.com.br\/site\/wp-json\/wp\/v2\/media\/5409"}],"wp:attachment":[{"href":"https:\/\/valueconsultoria.com.br\/site\/wp-json\/wp\/v2\/media?parent=5266"}],"curies":[{"name":"wp","href":"https:\/\/api.w.org\/{rel}","templated":true}]}}