{"id":5592,"date":"2025-06-30T17:00:58","date_gmt":"2025-06-30T17:00:58","guid":{"rendered":"https:\/\/valueconsultoria.com.br\/?page_id=5592"},"modified":"2025-06-30T17:06:53","modified_gmt":"2025-06-30T17:06:53","slug":"consultoriaempresarial","status":"publish","type":"page","link":"https:\/\/valueconsultoria.com.br\/site\/consultoriaempresarial\/","title":{"rendered":"Consultoria Empresarial"},"content":{"rendered":"\t\t<div data-elementor-type=\"wp-page\" data-elementor-id=\"5592\" class=\"elementor elementor-5592\" data-elementor-post-type=\"page\">\n\t\t\t\t\t\t<div class=\"elementor-section elementor-top-section elementor-element elementor-element-277ab11 elementor-section-boxed elementor-section-height-default elementor-section-height-default\" data-id=\"277ab11\" data-element_type=\"section\" data-e-type=\"section\">\r\n\t\t\r\n\t\t\t\t\t\t\t<div class=\"elementor-container elementor-column-gap-custom\">\r\n\t\t\t\t\t\t\t\t\t\t\t<div class=\"elementor-column elementor-col-50 elementor-top-column elementor-element elementor-element-3612e7e custom-height-1 custom-width-1\" data-id=\"3612e7e\" data-element_type=\"column\" data-e-type=\"column\">\r\n\t\t\t\t\t<div class=\"elementor-widget-wrap elementor-element-populated\">\r\n\t\t\t\t\t\t\t\t<div class=\"elementor-element elementor-element-0fdda63 custom-box-shadow-1 mb-0 e-transform elementor-widget elementor-widget-image\" data-id=\"0fdda63\" data-element_type=\"widget\" data-e-type=\"widget\" data-settings=\"{&quot;_transform_skewX_effect&quot;:{&quot;unit&quot;:&quot;px&quot;,&quot;size&quot;:&quot;&quot;,&quot;sizes&quot;:[]},&quot;_transform_skewX_effect_tablet&quot;:{&quot;unit&quot;:&quot;deg&quot;,&quot;size&quot;:&quot;&quot;,&quot;sizes&quot;:[]},&quot;_transform_skewX_effect_mobile&quot;:{&quot;unit&quot;:&quot;deg&quot;,&quot;size&quot;:&quot;&quot;,&quot;sizes&quot;:[]},&quot;_transform_skewY_effect&quot;:{&quot;unit&quot;:&quot;px&quot;,&quot;size&quot;:&quot;&quot;,&quot;sizes&quot;:[]},&quot;_transform_skewY_effect_tablet&quot;:{&quot;unit&quot;:&quot;deg&quot;,&quot;size&quot;:&quot;&quot;,&quot;sizes&quot;:[]},&quot;_transform_skewY_effect_mobile&quot;:{&quot;unit&quot;:&quot;deg&quot;,&quot;size&quot;:&quot;&quot;,&quot;sizes&quot;:[]}}\" data-widget_type=\"image.default\">\n\t\t\t\t\t\t\t\t\t\t\t\t\t\t\t<img fetchpriority=\"high\" decoding=\"async\" width=\"1707\" height=\"2560\" src=\"https:\/\/valueconsultoria.com.br\/site\/wp-content\/uploads\/2025\/06\/cortar-empresarios-usando-laptop-scaled.jpg\" class=\"attachment-full size-full wp-image-5594\" alt=\"\" srcset=\"https:\/\/valueconsultoria.com.br\/site\/wp-content\/uploads\/2025\/06\/cortar-empresarios-usando-laptop-scaled.jpg 1707w, https:\/\/valueconsultoria.com.br\/site\/wp-content\/uploads\/2025\/06\/cortar-empresarios-usando-laptop-683x1024.jpg 683w, https:\/\/valueconsultoria.com.br\/site\/wp-content\/uploads\/2025\/06\/cortar-empresarios-usando-laptop-768x1152.jpg 768w, https:\/\/valueconsultoria.com.br\/site\/wp-content\/uploads\/2025\/06\/cortar-empresarios-usando-laptop-1024x1536.jpg 1024w, https:\/\/valueconsultoria.com.br\/site\/wp-content\/uploads\/2025\/06\/cortar-empresarios-usando-laptop-1365x2048.jpg 1365w, https:\/\/valueconsultoria.com.br\/site\/wp-content\/uploads\/2025\/06\/cortar-empresarios-usando-laptop-640x960.jpg 640w, https:\/\/valueconsultoria.com.br\/site\/wp-content\/uploads\/2025\/06\/cortar-empresarios-usando-laptop-400x600.jpg 400w, https:\/\/valueconsultoria.com.br\/site\/wp-content\/uploads\/2025\/06\/cortar-empresarios-usando-laptop-367x551.jpg 367w\" sizes=\"(max-width: 1707px) 100vw, 1707px\" \/>\t\t\t\t\t\t\t\t\t\t\t\t\t\t\t<\/div>\n\t\t\t\t\t<\/div>\r\n\t\t\t\t<\/div>\r\n\t\t\t\t<div class=\"elementor-column elementor-col-50 elementor-top-column elementor-element elementor-element-9361a75 custom-height-1 custom-width-1\" data-id=\"9361a75\" data-element_type=\"column\" data-e-type=\"column\">\r\n\t\t\t\t\t<div class=\"elementor-widget-wrap elementor-element-populated\">\r\n\t\t\t\t\t\t\t\t<div class=\"elementor-element elementor-element-9c830c7 elementor-invisible elementor-widget elementor-widget-heading\" data-id=\"9c830c7\" data-element_type=\"widget\" data-e-type=\"widget\" data-settings=\"{&quot;_animation&quot;:&quot;fadeInUp&quot;,&quot;_animation_delay&quot;:250}\" data-widget_type=\"heading.default\">\n\t\t\t\t\t<h2 class=\"elementor-heading-title elementor-size-default\">GRUPO VALUE CONSULTORIA EM RH<\/h2>\t\t\t\t<\/div>\n\t\t\t\t<div class=\"elementor-element elementor-element-97516d6 elementor-invisible elementor-widget elementor-widget-heading\" data-id=\"97516d6\" data-element_type=\"widget\" data-e-type=\"widget\" data-settings=\"{&quot;_animation&quot;:&quot;fadeInUp&quot;,&quot;_animation_delay&quot;:250}\" data-widget_type=\"heading.default\">\n\t\t\t\t\t<h2 class=\"elementor-heading-title elementor-size-default\">Mais do que solu\u00e7\u00f5es, entregamos dire\u00e7\u00f5es.<\/h2>\t\t\t\t<\/div>\n\t\t\t\t<div class=\"elementor-element elementor-element-38a12b4 elementor-widget elementor-widget-text-editor\" data-id=\"38a12b4\" data-element_type=\"widget\" data-e-type=\"widget\" data-widget_type=\"text-editor.default\">\n\t\t\t\t\t\t\t\t\t<p data-start=\"146\" data-end=\"415\">Nossa consultoria empresarial \u00e9 focada em transformar desafios em estrat\u00e9gias e oportunidades. Atuamos lado a lado com sua equipe para identificar gargalos, redesenhar processos, aprimorar a gest\u00e3o e acelerar resultados.<\/p><p data-start=\"417\" data-end=\"511\">Com uma abordagem pr\u00e1tica, humana e orientada por dados, oferecemos apoio nas seguintes \u00e1reas:<\/p><ul><li data-start=\"515\" data-end=\"541\">Diagn\u00f3stico organizacional<\/li><li data-start=\"544\" data-end=\"568\">Planejamento estrat\u00e9gico<\/li><li data-start=\"571\" data-end=\"605\">Estrutura\u00e7\u00e3o de processos e fluxos<\/li><li data-start=\"608\" data-end=\"638\">Gest\u00e3o de pessoas e desempenho<\/li><li data-start=\"641\" data-end=\"666\">Indicadores de resultados<\/li><li data-start=\"669\" data-end=\"699\">Cultura e clima organizacional<\/li><li data-start=\"702\" data-end=\"729\">Suporte \u00e0 tomada de decis\u00e3o<\/li><\/ul><p data-start=\"731\" data-end=\"853\"><strong data-start=\"731\" data-end=\"853\">Se sua empresa precisa sair do ponto A e chegar ao ponto B com mais efici\u00eancia, clareza e controle, conte com a gente.<\/strong><\/p><p data-start=\"855\" data-end=\"928\">\ud83d\udcde <em data-start=\"858\" data-end=\"928\">Fale com nossos consultores e leve sua empresa para o pr\u00f3ximo n\u00edvel.<\/em><\/p>\t\t\t\t\t\t\t\t<\/div>\n\t\t\t\t\t<\/div>\r\n\t\t\t\t<\/div>\r\n\t\t\t\t\t<\/div>\r\n\t\t\t\t<\/div>\r\n\t\t\t\t<\/div>\n\t\t","protected":false},"excerpt":{"rendered":"<p>GRUPO VALUE CONSULTORIA EM RH Mais do que solu\u00e7\u00f5es, entregamos dire\u00e7\u00f5es. Nossa consultoria empresarial \u00e9 focada em transformar desafios em estrat\u00e9gias e oportunidades. Atuamos lado a lado com sua equipe para identificar gargalos, redesenhar processos, aprimorar a gest\u00e3o e acelerar resultados. Com uma abordagem pr\u00e1tica, humana e orientada por dados, oferecemos apoio nas seguintes \u00e1reas: [&hellip;]<\/p>\n","protected":false},"author":1,"featured_media":5169,"parent":0,"menu_order":0,"comment_status":"closed","ping_status":"closed","template":"","meta":{"_acf_changed":false,"footnotes":""},"class_list":["post-5592","page","type-page","status-publish","has-post-thumbnail","hentry"],"acf":[],"_links":{"self":[{"href":"https:\/\/valueconsultoria.com.br\/site\/wp-json\/wp\/v2\/pages\/5592","targetHints":{"allow":["GET"]}}],"collection":[{"href":"https:\/\/valueconsultoria.com.br\/site\/wp-json\/wp\/v2\/pages"}],"about":[{"href":"https:\/\/valueconsultoria.com.br\/site\/wp-json\/wp\/v2\/types\/page"}],"author":[{"embeddable":true,"href":"https:\/\/valueconsultoria.com.br\/site\/wp-json\/wp\/v2\/users\/1"}],"replies":[{"embeddable":true,"href":"https:\/\/valueconsultoria.com.br\/site\/wp-json\/wp\/v2\/comments?post=5592"}],"version-history":[{"count":4,"href":"https:\/\/valueconsultoria.com.br\/site\/wp-json\/wp\/v2\/pages\/5592\/revisions"}],"predecessor-version":[{"id":5597,"href":"https:\/\/valueconsultoria.com.br\/site\/wp-json\/wp\/v2\/pages\/5592\/revisions\/5597"}],"wp:featuredmedia":[{"embeddable":true,"href":"https:\/\/valueconsultoria.com.br\/site\/wp-json\/wp\/v2\/media\/5169"}],"wp:attachment":[{"href":"https:\/\/valueconsultoria.com.br\/site\/wp-json\/wp\/v2\/media?parent=5592"}],"curies":[{"name":"wp","href":"https:\/\/api.w.org\/{rel}","templated":true}]}}